b**3 + 380*b**2 - 362*b - 20. Calculate q(1).
-17
Let k(y) = -19*y**3 + 1367*y**2 + 74*y - 170. Calculate k(72).
-26
Let n(v) = 1485*v + 319265. Give n(-215).
-10
Let j(m) = -63696*m + 700631. What is j(11)?
-25
Let k(q) = -q**3 + 51*q**2 - 140*q - 171. What is k(48)?
21
Let g(u) = -50*u**2 - 119*u - 91. What is g(-1)?
-22
Let x(t) = 38*t**3 + 1402*t**2 - 217*t - 2541. Determine x(-37).
12
Let v(c) = 2*c**3 - 414*c**2 + 18311*c - 995. What is v(143)?
6
Let q(v) = -4*v**3 + 81*v**2 + 31*v + 16. Determine q(20).
1036
Let u(s) = -3*s**2 + 57*s + 2053. Calculate u(-23).
-845
Let y(q) = q**3 + 239*q**2 + 475*q - 251. Calculate y(-237).
-488
Let r(t) = 15*t**2 + 632*t + 5182. What is r(-31)?
5
Let l(m) = -5013*m - 2626817. Give l(-524).
-5
Let x(i) = 156*i**2 + 541*i - 333. Calculate x(-4).
-1
Let u(l) = -441216*l - 49857411. Calculate u(-113).
-3
Let y(d) = 9500*d - 295484. Calculate y(31).
-984
Let v(d) = d**3 - 127*d**2 + 537*d - 5608. Give v(123).
-73
Let c(a) = -13740*a - 94410. Calculate c(-7).
1770
Let b(n) = -37*n**3 - 346*n**2 + 227*n - 109. Give b(-10).
21
Let m(d) = 913414*d**2 - 10960968*d - 3. Calculate m(12).
-3
Let c(y) = -1669*y - 14995. Calculate c(-9).
26
Let g(z) = -z**2 + 372*z + 60836. Calculate g(495).
-49
Let w(m) = -124*m**3 - 82*m**2 + m + 1. Determine w(1).
-204
Let z(w) = -7*w**3 - 779*w**2 - 73*w + 16528. Determine z(-111).
-11
Let t(m) = 8*m**2 + 438*m - 2011. What is t(-59)?
-5
Let i(o) = -2*o**3 - o**2 + 258*o - 1016. Determine i(4).
-128
Let p(u) = u**2 + 244*u + 4320. Calculate p(-210).
-2820
Let i(l) = 909*l + 16573. Give i(-17).
1120
Let q(r) = r**3 - 1002*r**2 - 41*r + 41099. Determine q(1002).
17
Let r(d) = 79*d**2 - 1352*d + 318. What is r(17)?
165
Let s(r) = -r**2 - 193*r - 7327. Give s(-52).
5
Let d(k) = -2*k**2 - 177*k + 1109. Calculate d(-95).
-126
Let d(z) = -1195*z + 4101. Give d(3).
516
Let b(y) = 1094*y - 8112. What is b(6)?
-1548
Let h(y) = 2*y**3 + 24647*y - 1. Give h(0).
-1
Let l(u) = 6*u**2 - 29894*u - 179586. Give l(-6).
-6
Let m(q) = -1259733*q - 1259742. Calculate m(-1).
-9
Let o(j) = -68992*j - 758918. Calculate o(-11).
-6
Let v(j) = -j**2 - 622*j - 95651. Determine v(-281).
170
Let k(g) = g**3 - 25*g**2 - 2*g + 87. What is k(7)?
-809
Let s(j) = j**3 - 52*j**2 - 31*j - 773. What is s(53)?
393
Let s(o) = -o**2 + 66*o - 535. Determine s(7).
-122
Let x(v) = v**2 + 219*v + 8607. Calculate x(-52).
-77
Let f(v) = 671*v**3 - 1361*v**2 + 5*v - 9. Determine f(2).
-75
Let w(s) = 10*s**3 + 47*s**2 - 100*s - 8. Determine w(2).
60
Let k(l) = -l**3 + 66*l**2 + 7*l - 293. What is k(65)?
4387
Let r(b) = -24876*b - 2537355. What is r(-102)?
-3
Let c(d) = d**3 + 494*d**2 - 76630*d - 217. What is c(124)?
31
Let w(y) = -y**3 + 30*y**2 - 8318*y + 287427. Calculate w(34).
-9
Let g(r) = r**2 + 1989*r - 79187. Give g(39).
-95
Let b(m) = -m**2 + 317*m + 81402. Determine b(-168).
-78
Let a(v) = -5178*v - 108740. Determine a(-21).
-2
Let i(o) = 840*o - 10499. Determine i(15).
2101
Let f(t) = -7215*t - 981250. Calculate f(-136).
-10
Let i(n) = -218*n - 6239. What is i(-29)?
83
Let d(o) = o**2 - 97*o - 403. What is d(101)?
1
Let g(r) = -463*r + 35545. Calculate g(77).
-106
Let z(v) = 1117*v**3 - 2244*v**2 + 8*v - 2. Calculate z(2).
-26
Let u(a) = 577*a - 3493. Calculate u(5).
-608
Let k(c) = 14*c**2 + 5872*c - 285481. Determine k(44).
-9
Let p(y) = 40*y**3 + 33*y**2 - 32*y + 3. What is p(1)?
44
Let u(f) = 13*f**2 + 18396*f + 128735. Determine u(-7).
600
Let f(n) = -n**3 - 103*n**2 + 1762*n - 87. What is f(-118)?
857
Let z(l) = l**3 + 8*l**2 + 14678*l + 252109. What is z(-17)?
-18
Let a(l) = 1155*l**2 + 23102*l - 159. Give a(-20).
-199
Let a(k) = -3479*k - 4184. What is a(-1)?
-705
Let c(q) = -60*q**2 - 6693*q + 68564. Determine c(-121).
-43
Let o(n) = -49620*n + 99037. Give o(2).
-203
Let y(x) = 123268*x - 2342129. What is y(19)?
-37
Let z(v) = 15*v**2 - 159*v - 2332. Calculate z(17).
-700
Let a(p) = 2*p**3 + 29*p**2 - p - 512. Give a(-13).
8
Let i(t) = t**2 + 11648*t - 5531967. What is i(457)?
18
Let f(l) = -805*l**2 - 7253*l - 65. What is f(-9)?
7
Let j(l) = l**2 - 8231*l - 49454. What is j(-6)?
-32
Let b(u) = 32688*u + 1699770. What is b(-52)?
-6
Let t(r) = -73024*r + 5184703. What is t(71)?
-1
Let r(z) = 2*z**3 - 35*z**2 - 231*z + 3307. Give r(19).
1
Let a(p) = 20*p**3 + 134*p**2 + 121*p - 12. Calculate a(-1).
-19
Let a(p) = 566*p**3 + 18*p**2 + 26*p + 8. Calculate a(-1).
-566
Let k(m) = -5134*m - 20120. Calculate k(-4).
416
Let v(q) = q**3 + 266*q**2 + 660*q + 34853. Determine v(-264).
5
Let b(r) = 55933*r**2 + 894933*r + 80. What is b(-16)?
0
Let f(p) = -p**3 + 4*p**2 - 48*p - 167. Give f(-5).
298
Let p(x) = -5913*x + 23611. Determine p(4).
-41
Let v(u) = 4*u**3 - 33*u**2 + 8*u + 472. Calculate v(7).
283
Let b(u) = -6*u**3 - 3*u**2 - 7*u + 51. Give b(0).
51
Let f(i) = -2*i**3 + 62*i**2 - 77*i + 2247. Give f(31).
-140
Let n(r) = 17*r**2 - 904*r - 573. What is n(53)?
-732
Let t(a) = 3038*a + 631911. Calculate t(-208).
7
Let y(o) = -320*o**2 + 11*o - 17. Give y(1).
-326
Let d(s) = -373*s**2 + 1544*s + 68. Determine d(4).
276
Let u(s) = -4*s**2 + 37*s + 11437. What is u(-49)?
20
Let u(y) = -304*y + 47006. Give u(143).
3534
Let c(x) = -849979*x + 5099882. Calculate c(6).
8
Let m(k) = -19*k**3 + 360*k**2 + 9*k - 62. What is m(19)?
-252
Let x(v) = -v**3 - 15*v**2 - 14379*v - 57324. Determine x(-4).
16
Let j(l) = 629*l - 76. Calculate j(2).
1182
Let z(u) = 117*u**2 - 690*u + 885. Give z(4).
-3
Let b(x) = 974*x + 16550. Calculate b(-17).
-8
Let j(z) = -1150753*z + 5753772. What is j(5)?
7
Let w(v) = -337*v + 1029. Determine w(3).
18
Let w(z) = -z**3 + 41*z**2 - 441*z + 20. Determine w(22).
-486
Let y(s) = -1430*s - 98543. Give y(-69).
127
Let h(s) = 1074*s - 122581. Determine h(114).
-145
Let h(j) = 29*j**2 + 5053*j - 189730. Calculate h(-206).
-4
Let n(j) = j + 3299. Determine n(77).
3376
Let q(b) = -b**3 + 7*b**2 + 105*b - 901. What is q(9)?
-118
Let i(t) = 558*t + 745. What is i(3)?
2419
Let j(m) = -9606*m + 163099. Determine j(17).
-203
Let j(i) = -2*i**2 - 1361*i + 12408. Give j(9).
-3
Let r(s) = 4*s**3 + 11*s**2 + 83*s + 10. Determine r(0).
10
Let l(q) = 3985*q - 4352. What is l(1)?
-367
Let a(u) = 3*u**3 + 144*u**2 + 1656*u + 69. Give a(-19).
12
Let a(q) = -q**2 + 2662*q + 130382. What is a(-48)?
302
Let i(h) = 1121*h**3 - 2*h**2 + 370*h + 371. Determine i(-1).
-1122
Let d(w) = 315*w**2 + 2827*w - 57. What is d(-9)?
15
Let h(s) = -18*s**3 - 1750*s**2 - 373*s + 1453. Give h(-97).
-2
Let f(g) = -6435*g - 54353. Determine f(-8).
-2873
Let k(t) = 202246*t - 11730301. Give k(58).
-33
Let b(g) = 241356*g - 4827118. Calculate b(20).
2
Let z(s) = 25*s**3 - 51*s**2 + 294*s - 587. Calculate z(2).
-3
Let i(a) = -8949*a - 18085. Give i(-2).
-187
Let j(m) = -m**2 + 1385*m + 22120. Determine j(-16).
-296
Let g(s) = 10*s**2 + 130*s - 3017. Calculate g(12).
-17
Let t(v) = -2540*v + 961. Calculate t(1).
-1579
Let b(o) = -450*o - 19149. Give b(-43).
201
Let l(f) = -1427*f - 52763. Give l(-37).
36
Let y(f) = f**2 + 970*f + 96092. Determine y(-112).
-4
Let w(q) = q**3 + 37*q**2 - 161*q + 286. Give w(-41).
163
Let o(r) = -6790*r - 4196226. What is o(-618)?
-6
Let f(d) = 4*d**2 - 176*d + 720. Calculate f(30).
-960
Let a(g) = -100631*g + 32. Give a(0).
32
Let q(o) = -o**2 - 1300*o + 11789. What is q(9)?
8
Let z(b) = b**3 + 54*b**2 - 289*b + 113. Determine z(-59).
-241
Let b(i) = 2*i**3 - 994*i**2 + 20900*i + 16. What is b(475)?
16
Let o(d) = -d**3 - 3*d**2 - 2324*d + 32997. Give o(13).
81
Let j(b) = b**3 + 2*b**2 - 51*b - 108. What is j(7)?
-24
Let a(n) = 702*n**2 + 603*n + 1. Calculate a(-1).
100
Let n(b) = 11*b**2 - 2583*b + 9283. Determine n(231).
-419
Let z(n) = -n**2 - 267184*n + 534367. What is z(2)?
-5
Let u(p) = 540*p + 57390. Determine u(-106).
150
Let m(c) = -2130*c - 694383. Give m(-326).
-3
Let j(a) = 5*a**3 - 169*a**2 + 34*a - 2255. Give j(34).
57
Let n(u) = -u**3 + 31*u**2 + 3917*u - 144. What is n(-49)?
3
Let x(p) = -25*p**3 - 248*p**2 - 182*p - 1975. Calculate x(-10).
45
Let w(q) = -q**3 + 139*q**2 + 1986*q - 1516. Calculate w(152).
4
Let s(i) = -i**3 + 38*i**2 - 1879*i + 64696. Calculate s(36).
-356
Let i(k) = 6*k**2 + 1865*k + 19372. Calculate i(-300).
-128
Let y(x) = 98*x**2 - 1102*x + 69. Determine y(11).
-195
Let c(d)